ose -4*r - 3*k = -4, -2*r + 3*k + 2 = 2*k. Determine l(r).
7
Let n be (0 - (4 + -1))/(-1). Let c(g) = -12 + 2*g**2 - g**n + 0*g**2 + 10 + 2*g. Determine c(2).
2
Let q(g) = g + 4. Let j(x) = x - 1. Let b(r) = r - 5. Let l be b(4). Let f be j(l). What is q(f)?
2
Let l(s) be the second derivative of s**4/12 - 2*s**3/3 - s**2/2 + 45*s. Determine l(3).
-4
Let f(k) be the third derivative of k**8/10080 - k**7/1680 + k**6/360 - k**5/15 - 2*k**2. Let g(o) be the third derivative of f(o). Determine g(2).
4
Let t(k) = -6*k**2 + k - 9. Let a(b) = -5*b**2 - 8. Let g(d) = -7*a(d) + 6*t(d). Determine g(6).
2
Let f(q) = -q**3 - 8*q**2 + 7*q - 13. Let c be f(-9). Suppose c*u = 4 - 14. Let b(x) = x**2 + 1. Determine b(u).
5
Let t = 7 + -1. Let h(o) = 2 + o**2 - 2*o - 1 + 0 - 3*o. Calculate h(t).
7
Let c(f) = f**2 + f - 1. Let n(q) = q**3 + 5*q**2 + q + 3. Let v(a) = -c(a) + n(a). Give v(-3).
13
Let v(x) be the third derivative of -x**5/30 + x**3/6 - 6*x**2. Let g(u) = -u + 6. Let s be g(5). Determine v(s).
-1
Let s(j) = -2*j - 2. Let a be s(-4). Let i(f) = -4 + f + f**3 + f + 4*f - 7*f**2. Determine i(a).
-4
Suppose 0 = 2*r - 4*r + 10. Suppose 5*d - 24 = -4. Let q(m) = 5 + 2*m**3 + 4*m**3 + 4*m + d*m**2 - 7*m**3. Calculate q(r).
0
Let j(g) be the second derivative of g**3 - 6*g. Determine j(-2).
-12
Let b(d) = d + 8. Let n be b(-5). Suppose -y = -n*y. Let f = y - 0. Let j(s) = -s - 4. Determine j(f).
-4
Let k = -4 + -1. Let z(g) = 3*g + 2. Give z(k).
-13
Let v(g) = 4*g - 3 + 0 - 3*g - 2*g. Determine v(-3).
0
Let y(n) = 8*n**2 + 4*n - 3. Let q(o) = o**2 + o - 1. Let x(j) = 3*q(j) - y(j). Suppose -1 = -b - 0. Calculate x(b).
-6
Suppose -l - 2*l + 6 = 0. Let r be (3/l)/(9/24). Let x(b) = 0*b - b - 2 - 2*b + r*b. What is x(2)?
0
Let j(z) be the first derivative of -z**2 - z + 14. What is j(-2)?
3
Let k be -2 - 0 - -4*1. Let o(x) be the first derivative of -1/2*x**k - x**3 - 1/4*x**4 + 2 + 0*x. Calculate o(-2).
-2
Let w = 6 + -4. Let g(i) = -i. Let v be g(-4). Let z(n) = -v*n**2 + 0*n + n**3 + n**2 + 3*n. Give z(w).
2
Let b be (6/2)/(-1) - 2. Let l(y) be the third derivative of y**4/24 - y**3/2 + 2*y**2. Give l(b).
-8
Let y(b) = -b**3 + 7*b**2 - 4*b - 4. Suppose -48 = i - 9*i. Calculate y(i).
8
Let l(j) = 6*j**2 - 13*j - 2. Let k(p) = 5*p**2 - 12*p - 2. Let f(c) = -7*k(c) + 6*l(c). Let w(g) = -g**2 + 21*g + 19. Let y be w(22). Give f(y).
-7
Suppose -5*n = v - 15, -n - 4*v = -0*n - 3. Let s = 13 - 9. Let q(g) = -s*g + g + g - n. Determine q(-4).
5
Let b = 2 - 1. Let r(z) = -6*z + 12*z - 8*z + 1 - 4*z**2. What is r(b)?
-5
Suppose -m - 5 + 18 = 0. Let i = -8 + m. Let w(u) = 3*u - 5 - 5 + 3. Give w(i).
8
Let r(q) = -2*q**2 + 12*q - 7. Let i be r(5). Suppose i*m - 5*s + 17 = 0, -s + 5 = 2*m - 1. Let k(y) = 2*y**2 - 1. Calculate k(m).
1
Let s(g) = -17*g**3 - g + 1. Let v = -19 - -20. Calculate s(v).
-17
Let q(c) be the third derivative of 4*c**2 + 0*c**4 + 0 - 1/30*c**5 + 1/6*c**3 + 0*c. Let z = 3 + -2. Calculate q(z).
-1
Let a(b) be the third derivative of b**6/120 + b**5/12 - b**3/2 - b**2. Suppose 4*h + 2*n - n + 20 = 0, -3*h - 15 = -n. Calculate a(h).
-3
Suppose -3*t = 2*t + 35. Let g(q) = -q**3 - 7*q**2 + q + 8. Calculate g(t).
1
Let s(b) be the first derivative of -b**3/3 - 2*b**2 + 2*b - 3. Calculate s(-5).
-3
Let c(l) = 5*l**2 - l + 3. Let p(t) = -4*t**2 - t - 3. Let x(g) = 5*c(g) + 6*p(g). What is x(10)?
-13
Let f be ((-60)/9)/((-1)/6). Suppose 5*g = -5*h - f, -g - 5*h - 24 = -0*h. Let x(n) = 2*n - 1. Let w(r) = -r + 1. Let d(i) = g*x(i) - 4*w(i). Give d(2).
-8
Let w(a) = -3*a**3 + 4*a**3 - 1 - 3*a**3 + a + 2. Calculate w(-1).
2
Suppose 0 = 2*u + 6, 2*b - u + 2*u = 5. Let g(l) = 2*l**2 - 2*l - 2. Let k be g(2). Let c(m) = 0*m**2 + 5*m - 4*m**3 + 3*m**k + 3*m**3 - 2. Give c(b).
2
Let c(w) = w**2 + 3*w - 11. Let a be (17/1)/((-1)/1). Let x(m) = 3*m**2 + 8*m - 32. Let j(y) = a*c(y) + 6*x(y). Give j(4).
-1
Suppose -u = 2 + 1. Let z(o) = o**2 + o - 2. Determine z(u).
4
Let c(a) = -2*a**2 - a. Let m = -1 - -10. Suppose 5*s + 9 = 3*q, -5*q + m*s - 4*s = -5. Give c(q).
-6
Let c(b) = 13*b**2 - 1. Let q(y) be the first derivative of y**4/4 - y - 2. Let d be q(0). Calculate c(d).
12
Let x(z) = -z**3 - 5*z**2 - z - 7. Let o = -20 - -16. Let b = -9 - o. What is x(b)?
-2
Let y(v) = -1. Let o(q) = 24*q**2 - q + 6. Let t(h) = -o(h) - 5*y(h). Calculate t(1).
-24
Let s(v) = 3*v**3 + v**2. Let x be s(-1). Let w(o) = 2*o**2 + 3*o + 3. What is w(x)?
5
Let j(f) = 3*f**2 + 4*f + 2. Let c = 22 - 27. Suppose 5 = -5*z + 2*k, -z + 5*k + 32 = 10. Let v = c - z. Determine j(v).
6
Let t = -5 + 8. Suppose -5*d + 2 - 27 = c, -t*d = -2*c + 2. Let m(s) = -s - 6. Let v(j) = -j - 5. Let y(f) = -4*m(f) + 5*v(f). What is y(c)?
4
Let u be 4 + 1/(-1) + (2 - 1). Let r(p) be the second derivative of 0 - 1/2*p**4 + u*p + 3*p**2 + 1/20*p**5 + 5/6*p**3. Give r(5).
6
Let u(z) = z**2 - 2*z. Let s(k) = k**2 - 6*k + 4. Let g be s(6). Let x = g - 2. Suppose 3 = q + x. What is u(q)?
-1
Let x(n) = -n**2 + 3*n + 6. Let o be 10*(0 - (3 + -2)). Let s be 2*-1*o/4. Give x(s).
-4
Let o(w) = w**2 + 4*w + 1. Let d = 4 - 8. What is o(d)?
1
Let a(d) be the second derivative of d**8/960 + d**7/2520 + d**6/720 + d**5/120 - 3*d**4/4 - 4*d. Let r(h) be the third derivative of a(h). Determine r(-1).
-6
Let b(c) = 10 - 6 + c**2 - 9*c + 4. Let d be b(8). Let k(h) = -h**2 - h + 5. What is k(d)?
5
Let p = 23 + -17. Let l(h) = -1 + 0 - p*h + 0. Determine l(1).
-7
Let o(j) = -162*j + 165*j + 3*j**2 - 2*j**2. Determine o(-3).
0
Suppose 2*h + 6 = 4*a + 26, 5*a + h + 39 = 0. Let d = a - -4. Let x(t) = t - 7. Let m(o) = -7. Let u(n) = d*x(n) + 4*m(n). Calculate u(-5).
8
Let o be 30/(-42) + 4/(-14). Let b(q) = 2*q + 3*q - 3*q - 7*q**2 - 3*q. Give b(o).
-6
Let f(z) = z**2 - 4*z - 6. Let u be f(5). Let p(n) = -n**2 + n. What is p(u)?
-2
Let b(v) be the third derivative of -v**6/120 - v**5/30 + 7*v**4/24 + v**3 - 20*v**2. What is b(-4)?
10
Let u(k) = -8*k + 2*k + k**3 + 5*k. Let r(p) = -p**2 + 4*p - 1. Let a be r(4). Determine u(a).
0
Let w(v) be the second derivative of v**3/6 + v**2 + 4*v. Suppose -3*j = -15, 3*y - 2*y - 13 = -3*j. Give w(y).
0
Let g(s) = -6*s**3 - s**2 + 1. Let c be (2*(-3)/18)/((-1)/(-3)). Give g(c).
6
Let b(f) be the second derivative of f**5/20 + 7*f**4/12 + 7*f**3/6 + 7*f**2/2 + 7*f. Determine b(-6).
1
Let h be (-2)/(-3 + 4) - -25. Suppose 4*n - 9 = -0*n + t, 0 = -2*n - 5*t - h. Let j(d) = -6*d**3 + 1. Determine j(n).
-5
Suppose l - 4*c - 45 = 4*l, -3*c = -2*l - 30. Let x = 9 + l. Let f = x - -3. Let a(m) = m**3 + 3*m**2 + m - 3. Determine a(f).
-6
Suppose -3*b + 3*s + 0*s = 0, 2*b + 3*s - 10 = 0. Let h(p) be the second derivative of -5/6*p**3 + p + 1/20*p**5 + 0 + 1/3*p**4 - 3/2*p**b. What is h(-5)?
-3
Let u(k) = -2*k**3 - 17*k**2 - 6*k + 1. Let j(n) = -n**3 - 9*n**2 - 3*n + 1. Let x(s) = 5*j(s) - 3*u(s). Let p = -19 + 14. What is x(p)?
12
Let z(q) = -4*q + 5*q + 7*q + q**3 - 8*q**2 - 6 + q**2. Let h(s) = -s**2 + 11*s - 12. Let n be h(9). What is z(n)?
6
Let o(i) = 5*i**2 - i. Suppose -7*k - 10 = -17. Determine o(k).
4
Let z(d) = -d**2 - 3*d + 5. Suppose -13*q + 11*q = 10. Give z(q).
-5
Let g(b) be the first derivative of b**5/20 + b**4/3 - b**2/2 + 9*b + 3. Let c(s) be the first derivative of g(s). What is c(-2)?
7
Let q(a) = a - 10. Suppose -5*c + c = 0. What is q(c)?
-10
Suppose 0 = -y + 2*y - 4. Suppose 2*b - 3 = -y*r + 9, -r + 18 = 3*b. Let h(x) = -x**2 + 4*x + 5. Calculate h(b).
-7
Let y = -3 + 6. Suppose -y*k + 8 - 32 = 0. Let r(l) = -l**2 - 8*l + 5. Let i be r(k). Let s(a) = a**2 - 3*a - 5. Give s(i).
5
Let l(m) = -7*m - 2*m + 4 + 0 + 8*m. Give l(10).
-6
Let z = -4 + 6. Suppose g = -z*g. Let y(o) be the third derivative of -o**6/120 - o**4/24 + 2*o**3/3 - o**2. Give y(g).
4
Suppose 0 = 2*n - n - 10. Let g = n - 16. Let y(f) = f**2 + 8*f + 8. Give y(g).
-4
Let l = 6 + -8. Let y be (5/2)/(1/l). Let v(b) = 4*b + 2. Let g(s) = -7*s - 3. Let o(f) = 3*g(f) + 5*v(f). Give o(y).
6
Let x(c) be the third derivative of -c**6/120 - c**5/20 - c**4/8 - 5*c**3/6 + 2*c**2 - 9*c. What is x(-4)?
23
Let p(k) be the third derivative of -7*k**6/60 + k**5/60 - 4*k**2. Calculate p(1).
-13
Let t(v) = -2*v**3 + v**2 + 2*v - 1. Suppose 3*j + c + 7 = 0, 3*j - c + 0*c + 5 = 0. What is t(j)?
15
Let z = 12 + -7. Let l(n) be the third